{"id":16,"date":"2019-10-10T19:35:13","date_gmt":"2019-10-10T17:35:13","guid":{"rendered":"http:\/\/3dmodelauto.com\/?page_id=16"},"modified":"2023-04-13T22:54:54","modified_gmt":"2023-04-13T20:54:54","slug":"accueil","status":"publish","type":"page","link":"https:\/\/3dmodelauto.com\/","title":{"rendered":"Accueil"},"content":{"rendered":"<p>Bienvenue sur 3dmodelauto.com !<\/p>\n<p>Ici on discute auto, moto, tout ce qui roule en g\u00e9n\u00e9ral. Des v\u00e9hicules de toutes les \u00e9poques et des gens qui les conduisent, les entretiennent, les restaurent, les modifient&#8230;<\/p>\n<p>Ce qui m&rsquo;anime surtout c&rsquo;est d&rsquo;utilisation de techniques actuelles comme la num\u00e9risation de pi\u00e8ces sur d&rsquo;anciennes, voir antiques m\u00e9caniques pour reproduire, r\u00e9parer ou simplement archiver certaines pi\u00e8ces.<\/p>\n","protected":false},"excerpt":{"rendered":"<p>Bienvenue sur 3dmodelauto.com ! Ici on discute auto, moto, tout ce qui roule en g\u00e9n\u00e9ral. Des v\u00e9hicules de toutes les \u00e9poques et des gens qui les conduisent, les entretiennent, les restaurent, les modifient&#8230; Ce qui m&rsquo;anime surtout c&rsquo;est d&rsquo;utilisation de techniques actuelles comme la num\u00e9risation de pi\u00e8ces sur d&rsquo;anciennes, voir antiques m\u00e9caniques pour reproduire, r\u00e9parer &hellip; <\/p>\n<p class=\"link-more\"><a href=\"https:\/\/3dmodelauto.com\/\" class=\"more-link\">Continuer la lecture<span class=\"screen-reader-text\"> de &laquo;&nbsp;Accueil&nbsp;&raquo;<\/span><\/a><\/p>\n","protected":false},"author":1,"featured_media":0,"parent":0,"menu_order":0,"comment_status":"closed","ping_status":"closed","template":"","meta":{"footnotes":""},"class_list":["post-16","page","type-page","status-publish","hentry"],"yoast_head":"<!-- This site is optimized with the Yoast SEO plugin v25.2 - https:\/\/yoast.com\/wordpress\/plugins\/seo\/ -->\n<title>Accueil - 3D model Auto<\/title>\n<meta name=\"robots\" content=\"index, follow, max-snippet:-1, max-image-preview:large, max-video-preview:-1\" \/>\n<link rel=\"canonical\" href=\"https:\/\/3dmodelauto.com\/\" \/>\n<meta property=\"og:locale\" content=\"fr_FR\" \/>\n<meta property=\"og:type\" content=\"article\" \/>\n<meta property=\"og:title\" content=\"Accueil - 3D model Auto\" \/>\n<meta property=\"og:description\" content=\"Bienvenue sur 3dmodelauto.com ! Ici on discute auto, moto, tout ce qui roule en g\u00e9n\u00e9ral. Des v\u00e9hicules de toutes les \u00e9poques et des gens qui les conduisent, les entretiennent, les restaurent, les modifient&#8230; Ce qui m&rsquo;anime surtout c&rsquo;est d&rsquo;utilisation de techniques actuelles comme la num\u00e9risation de pi\u00e8ces sur d&rsquo;anciennes, voir antiques m\u00e9caniques pour reproduire, r\u00e9parer &hellip; Continuer la lecture de &laquo;&nbsp;Accueil&nbsp;&raquo;\" \/>\n<meta property=\"og:url\" content=\"https:\/\/3dmodelauto.com\/\" \/>\n<meta property=\"og:site_name\" content=\"3D model Auto\" \/>\n<meta property=\"article:modified_time\" content=\"2023-04-13T20:54:54+00:00\" \/>\n<meta name=\"twitter:card\" content=\"summary_large_image\" \/>\n<meta name=\"twitter:label1\" content=\"Dur\u00e9e de lecture estim\u00e9e\" \/>\n\t<meta name=\"twitter:data1\" content=\"1 minute\" \/>\n<script type=\"application\/ld+json\" class=\"yoast-schema-graph\">{\"@context\":\"https:\/\/schema.org\",\"@graph\":[{\"@type\":\"WebPage\",\"@id\":\"https:\/\/3dmodelauto.com\/\",\"url\":\"https:\/\/3dmodelauto.com\/\",\"name\":\"Accueil - 3D model Auto\",\"isPartOf\":{\"@id\":\"https:\/\/3dmodelauto.com\/#website\"},\"datePublished\":\"2019-10-10T17:35:13+00:00\",\"dateModified\":\"2023-04-13T20:54:54+00:00\",\"breadcrumb\":{\"@id\":\"https:\/\/3dmodelauto.com\/#breadcrumb\"},\"inLanguage\":\"fr-FR\",\"potentialAction\":[{\"@type\":\"ReadAction\",\"target\":[\"https:\/\/3dmodelauto.com\/\"]}]},{\"@type\":\"BreadcrumbList\",\"@id\":\"https:\/\/3dmodelauto.com\/#breadcrumb\",\"itemListElement\":[{\"@type\":\"ListItem\",\"position\":1,\"name\":\"Accueil\",\"item\":\"https:\/\/3dmodelauto.com\/\"},{\"@type\":\"ListItem\",\"position\":2,\"name\":\"Accueil\"}]},{\"@type\":\"WebSite\",\"@id\":\"https:\/\/3dmodelauto.com\/#website\",\"url\":\"https:\/\/3dmodelauto.com\/\",\"name\":\"3D model Auto\",\"description\":\"Des v\u00e9hicules, des savoir-faire et surtout les gens qui vont avec.\",\"potentialAction\":[{\"@type\":\"SearchAction\",\"target\":{\"@type\":\"EntryPoint\",\"urlTemplate\":\"https:\/\/3dmodelauto.com\/?s={search_term_string}\"},\"query-input\":{\"@type\":\"PropertyValueSpecification\",\"valueRequired\":true,\"valueName\":\"search_term_string\"}}],\"inLanguage\":\"fr-FR\"}]}<\/script>\n<!-- \/ Yoast SEO plugin. -->","yoast_head_json":{"title":"Accueil - 3D model Auto","robots":{"index":"index","follow":"follow","max-snippet":"max-snippet:-1","max-image-preview":"max-image-preview:large","max-video-preview":"max-video-preview:-1"},"canonical":"https:\/\/3dmodelauto.com\/","og_locale":"fr_FR","og_type":"article","og_title":"Accueil - 3D model Auto","og_description":"Bienvenue sur 3dmodelauto.com ! Ici on discute auto, moto, tout ce qui roule en g\u00e9n\u00e9ral. Des v\u00e9hicules de toutes les \u00e9poques et des gens qui les conduisent, les entretiennent, les restaurent, les modifient&#8230; Ce qui m&rsquo;anime surtout c&rsquo;est d&rsquo;utilisation de techniques actuelles comme la num\u00e9risation de pi\u00e8ces sur d&rsquo;anciennes, voir antiques m\u00e9caniques pour reproduire, r\u00e9parer &hellip; Continuer la lecture de &laquo;&nbsp;Accueil&nbsp;&raquo;","og_url":"https:\/\/3dmodelauto.com\/","og_site_name":"3D model Auto","article_modified_time":"2023-04-13T20:54:54+00:00","twitter_card":"summary_large_image","twitter_misc":{"Dur\u00e9e de lecture estim\u00e9e":"1 minute"},"schema":{"@context":"https:\/\/schema.org","@graph":[{"@type":"WebPage","@id":"https:\/\/3dmodelauto.com\/","url":"https:\/\/3dmodelauto.com\/","name":"Accueil - 3D model Auto","isPartOf":{"@id":"https:\/\/3dmodelauto.com\/#website"},"datePublished":"2019-10-10T17:35:13+00:00","dateModified":"2023-04-13T20:54:54+00:00","breadcrumb":{"@id":"https:\/\/3dmodelauto.com\/#breadcrumb"},"inLanguage":"fr-FR","potentialAction":[{"@type":"ReadAction","target":["https:\/\/3dmodelauto.com\/"]}]},{"@type":"BreadcrumbList","@id":"https:\/\/3dmodelauto.com\/#breadcrumb","itemListElement":[{"@type":"ListItem","position":1,"name":"Accueil","item":"https:\/\/3dmodelauto.com\/"},{"@type":"ListItem","position":2,"name":"Accueil"}]},{"@type":"WebSite","@id":"https:\/\/3dmodelauto.com\/#website","url":"https:\/\/3dmodelauto.com\/","name":"3D model Auto","description":"Des v\u00e9hicules, des savoir-faire et surtout les gens qui vont avec.","potentialAction":[{"@type":"SearchAction","target":{"@type":"EntryPoint","urlTemplate":"https:\/\/3dmodelauto.com\/?s={search_term_string}"},"query-input":{"@type":"PropertyValueSpecification","valueRequired":true,"valueName":"search_term_string"}}],"inLanguage":"fr-FR"}]}},"_links":{"self":[{"href":"https:\/\/3dmodelauto.com\/index.php\/wp-json\/wp\/v2\/pages\/16","targetHints":{"allow":["GET"]}}],"collection":[{"href":"https:\/\/3dmodelauto.com\/index.php\/wp-json\/wp\/v2\/pages"}],"about":[{"href":"https:\/\/3dmodelauto.com\/index.php\/wp-json\/wp\/v2\/types\/page"}],"author":[{"embeddable":true,"href":"https:\/\/3dmodelauto.com\/index.php\/wp-json\/wp\/v2\/users\/1"}],"replies":[{"embeddable":true,"href":"https:\/\/3dmodelauto.com\/index.php\/wp-json\/wp\/v2\/comments?post=16"}],"version-history":[{"count":8,"href":"https:\/\/3dmodelauto.com\/index.php\/wp-json\/wp\/v2\/pages\/16\/revisions"}],"predecessor-version":[{"id":340,"href":"https:\/\/3dmodelauto.com\/index.php\/wp-json\/wp\/v2\/pages\/16\/revisions\/340"}],"wp:attachment":[{"href":"https:\/\/3dmodelauto.com\/index.php\/wp-json\/wp\/v2\/media?parent=16"}],"curies":[{"name":"wp","href":"https:\/\/api.w.org\/{rel}","templated":true}]}}